?
8
What is the hundred thousands digit of 850595006?
5
What is the tens digit of 646464933?
3
What is the ten thousands digit of 1927279331?
7
What is the ten thousands digit of 74627448?
2
What is the hundred thousands digit of 1654054256?
0
What is the hundred thousands digit of 20488128?
4
What is the ten thousands digit of 13776723?
7
What is the ten millions digit of 6298646890?
9
What is the hundred thousands digit of 1302607731?
6
What is the units digit of 82814249?
9
What is the thousands digit of 273966540?
6
What is the millions digit of 150400474?
0
What is the hundred millions digit of 817369133?
8
What is the hundred millions digit of 1331649426?
3
What is the hundred thousands digit of 803576604?
5
What is the hundreds digit of 4997873?
8
What is the hundred millions digit of 607092823?
6
What is the millions digit of 76906692?
6
What is the units digit of 2019130472?
2
What is the ten thousands digit of 65953295?
5
What is the tens digit of 373823018?
1
What is the ten millions digit of 118837828?
1
What is the ten thousands digit of 156203039?
0
What is the tens digit of 73670594?
9
What is the ten thousands digit of 90672672?
7
What is the billions digit of 1125115951?
1
What is the hundreds digit of 206761567?
5
What is the hundred millions digit of 3546510680?
5
What is the ten thousands digit of 48082716?
8
What is the hundred thousands digit of 700346598?
3
What is the thousands digit of 146726931?
6
What is the millions digit of 88591452?
8
What is the hundred thousands digit of 3291224417?
2
What is the hundreds digit of 976293931?
9
What is the hundreds digit of 352857279?
2
What is the ten thousands digit of 82343655?
4
What is the hundred thousands digit of 38654399?
6
What is the millions digit of 999180527?
9
What is the tens digit of 2679373045?
4
What is the hundreds digit of 236367654?
6
What is the thousands digit of 179938956?
8
What is the millions digit of 306912573?
6
What is the hundred thousands digit of 781910048?
9
What is the ten thousands digit of 1398442144?
4
What is the ten thousands digit of 562542849?
4
What is the units digit of 36784272?
2
What is the millions digit of 647794105?
7
What is the ten millions digit of 74817037?
7
What is the ten thousands digit of 2982510031?
1
What is the ten thousands digit of 114329556?
2
What is the units digit of 49744313?
3
What is the units digit of 1501133318?
8
What is the thousands digit of 691803761?
3
What is the hundred millions digit of 2905560015?
9
What is the ten millions digit of 101238214?
0
What is the millions digit of 78657159?
8
What is the ten millions digit of 36721602?
3
What is the hundred thousands digit of 11000994?
0
What is the hundreds digit of 1160240956?
9
What is the hundred thousands digit of 100555745?
5
What is the ten thousands digit of 75683943?
8
What is the units digit of 1305385894?
4
What is the hundreds digit of 1888184857?
8
What is the ten thousands digit of 403630323?
3
What is the millions digit of 413152181?
3
What is the ten thousands digit of 174928983?
2
What is the units digit of 1808234747?
7
What is the thousands digit of 108044863?
4
What is the thousands digit of 176509040?
9
What is the hundred millions digit of 102456395?
1
What is the units digit of 734081907?
7
What is the units digit of 88231682?
2
What is the ten millions digit of 4575330707?
7
What is the tens digit of 1377604916?
1
What is the tens digit of 23101503?
0
What is the millions digit of 2886889142?
6
What is the hundred millions digit of 224248849?
2
What is the ten thousands digit of 68831439?
3
What is the millions digit of 265158897?
5
What is the billions digit of 2723764947?
2
What is the hundreds digit of 1207441951?
9
What is the units digit of 160083773?
3
What is the hundred millions digit of 237512062?
2
What is the units digit of 315529430?
0
What is the tens digit of 265788117?
1
What is the ten millions digit of 227157730?
2
What is the tens digit of 202097011?
1
What is the hundreds digit of 75544229?
2
What is the hundred thousands digit of 3687443?
6
What is the units digit of 632784111?
1
What is the millions digit of 1550690304?
0
What is the units digit of 189081237?
7
What is the thousands digit of 57212999?
2
What is the ten millions digit of 1135852433?
3
What is the tens digit of 1642448567?
6
What is the ten millions digit of 6962698913?
6
What is the tens digit of 991158360?
6
What is the millions digit of 517258614?
7
What is the tens digit of 5334977195?
9
What is the thousands digit of 235711539?
1
What is the hundred thousands digit of 27522180?
5
What is the hundred thousands digit of 155202952?
2
What is the ten thousands digit of 56710633?
1
What is the hundred millions digit of 109025437?
1
What is the hundred millions digit of 1223024339?
2
What is the hundred millions digit of 1652849887?
6
What is the hundred thousands digit of 1192816684?
8
What is the hundred thousands digit of 2374061037?
0
What is the ten millions digit of 27926358?
2
What is the ten millions digit of 61377774?
6
What is the tens digit of 698388007?
0
What is the units digit of 2500211650?
0
What is the hundred thousands digit of 739657640?
6
What is the units digit of 521499111?
1
What is the units digit of 100206984?
4
What is the units digit of 143451054?
4
What is the ten millions digit of 13208115?
1
What is the tens digit of 81164249?
4
What is the hundred millions digit of 282680901?
2
What is the ten thousands digit of 71905803?
0
What is the hundred millions digit of 102073811?
1
What is the millions digit of 223717449?
3
What is the thousands digit of 3007791191?
1
What is the thousands digit of 5117706300?
6
What is the hundred thousands digit of 207959649?
9
What is the hundred thousands digit of 757108129?
1
What is the hundred thousands digit of 305506573?
5
What is the ten thousands digit of 1007645264?
4
What is the hundred thousands digit of 159312270?
3
What is the ten thousands digit of 25086412?
8
What is the hundreds digit of 220283430?
4
What is the billions digit of 5786404401?
5
What is the hundred thousands digit of 31587875?
5
What is the ten thousands digit of 89634882?
3
What is the hundred thousands digit of 45107797?
1
What is the ten millions digit of 62268108?
6
What is the tens digit of 21482428?
2
What is the hundreds digit of 640491970?
9
What is the thousands digit of 670144983?
4
What is the millions digit of 1417034100?
7
What is the millions digit of 21593639?
1
What is the thousands digit of 108381967?
1
What is the ten millions digit of 186119001?
8
What is the hundreds digit of 218932068?
0
What is the thousands digit of 427094476?
4
What is the ten millions digit of 122618675?
2
What is the millions digit of 2536519270?
6
What is the units digit of 150340910?
0
What is the hundred millions digit of 706297311?
7
What is the hundred millions digit of 275728357?
2
What is the ten thousands digit of 46333150?
3
What is the hundred thousands digit of 8505567066?
5
What is the tens digit of 1915156795?
9
What is the ten millions digit of 689785947?
8
What is the ten millions digit of 2555897257?
5
What is the thousands digit of 1054972060?
2
What is the hundreds digit of 42894900?
9
What is the tens digit of 319132752?
5
What is the units digit of 208187933?
3
What is the ten millions digit of 745458923?
4
What is the hundred millions digit of 457872126?
4
What is the hundred thousands digit of 22064688?
0
What is the hundreds digit of 34734462?
4
What is the ten thousands digit of 139506537?
0
What is the hundred millions digit of 2066782026?
0
What is the thousands digit of 25308308?
8
What is the ten millions digit of 1541896766?
4
What is the hundred thousands digit of 190233296?
2
What is the hundred millions digit of 1823922526?
8
What is the hundred thousands digit of 56361566?
3
What is the hundred millions digit of 956794541?
9
What is the hundreds digit of 338183104?
1
What is the hundred millions digit of 1965967499?
9
What is the ten thousands digit of 2046270?
4
What is the units digit of 84091106?
6
What is the millions digit of 486944826?
6
What is the hundreds digit of 6900302449?
4
What is the hundreds digit of 120659627?
6
What is the ten millions digit of 39414286?
3
Wha